{"id":79,"date":"2018-08-31T15:14:40","date_gmt":"2018-08-31T13:14:40","guid":{"rendered":"http:\/\/oasisbeach-xi.be\/?page_id=79"},"modified":"2019-05-05T13:08:56","modified_gmt":"2019-05-05T11:08:56","slug":"votre-complexe","status":"publish","type":"page","link":"https:\/\/oasisbeach-xi.be\/index.php\/votre-complexe\/","title":{"rendered":"La r\u00e9sidence Oasis Beach XI"},"content":{"rendered":"<p>vous offre toutes les facilit\u00e9s suivantes:<\/p>\n<ul>\n<li>\u00c9quipement de gymnastique en plein air<\/li>\n<li>Jacuzzi chauff\u00e9<\/li>\n<li>Sauna<\/li>\n<li>2 piscines en plein air<\/li>\n<li>Plaine de jeux<\/li>\n<li>Mini Golf<\/li>\n<li>Parking souterrain s\u00e9curis\u00e9<\/li>\n<\/ul>\n<style type=\"text\/css\">.easingslider-697 { max-width: 640px; }.easingslider-697 .easingslider-fade-in, .easingslider-fade-out { -webkit-animation-duration: 400ms; -moz-animation-duration: 400ms; animation-duration: 400ms; }<\/style><script type=\"text\/javascript\">window.EasingSlider697 = {\"width\":640,\"height\":400,\"singleItem\":true,\"items\":1,\"itemsDesktop\":false,\"itemsDesktopSmall\":false,\"itemsTablet\":false,\"itemsTabletSmall\":false,\"itemsMobile\":false,\"responsive\":true,\"lazyLoad\":true,\"autoPlay\":false,\"slideSpeed\":400,\"navigation\":true,\"navigationText\":[\"\",\"\"],\"pagination\":true,\"autoHeight\":true,\"mouseDrag\":false,\"touchDrag\":false,\"addClassActive\":true,\"transitionStyle\":\"fade\"};<\/script><div data-id=\"697\" class=\"easingslider easingslider-697 easingslider-container easingslider-auto-height easingslider-arrows-inside easingslider-pagination-inside easingslider-pagination-bottom-center\"><div class=\"easingslider-slide\"><img src=\"https:\/\/oasisbeach-xi.be\/wp-content\/plugins\/easing-slider\/assets\/images\/placeholder-pixel.png\" data-src=\"https:\/\/oasisbeach-xi.be\/wp-content\/uploads\/2018\/08\/20180511_132950-e1535633015741.jpg\" alt=\"\" title=\"\" class=\"easingslider-image easingslider-lazy\" \/><\/div><div class=\"easingslider-slide\"><img src=\"https:\/\/oasisbeach-xi.be\/wp-content\/plugins\/easing-slider\/assets\/images\/placeholder-pixel.png\" data-src=\"https:\/\/oasisbeach-xi.be\/wp-content\/uploads\/2019\/05\/20190408_165111-e1557054320444.jpg\" alt=\"\" title=\"\" class=\"easingslider-image easingslider-lazy\" \/><\/div><div class=\"easingslider-slide\"><img src=\"https:\/\/oasisbeach-xi.be\/wp-content\/plugins\/easing-slider\/assets\/images\/placeholder-pixel.png\" data-src=\"https:\/\/oasisbeach-xi.be\/wp-content\/uploads\/2018\/10\/20181003_193639.jpg\" alt=\"\" title=\"\" class=\"easingslider-image easingslider-lazy\" \/><\/div><div class=\"easingslider-slide\"><img src=\"https:\/\/oasisbeach-xi.be\/wp-content\/plugins\/easing-slider\/assets\/images\/placeholder-pixel.png\" data-src=\"https:\/\/oasisbeach-xi.be\/wp-content\/uploads\/2019\/05\/20190408_1650560-e1557054301887.jpg\" alt=\"\" title=\"\" class=\"easingslider-image easingslider-lazy\" \/><\/div><div class=\"easingslider-slide\"><img src=\"https:\/\/oasisbeach-xi.be\/wp-content\/plugins\/easing-slider\/assets\/images\/placeholder-pixel.png\" data-src=\"https:\/\/oasisbeach-xi.be\/wp-content\/uploads\/2022\/01\/20211228_132415.jpg\" alt=\"\" title=\"\" class=\"easingslider-image easingslider-lazy\" \/><\/div><div class=\"easingslider-slide\"><img src=\"https:\/\/oasisbeach-xi.be\/wp-content\/plugins\/easing-slider\/assets\/images\/placeholder-pixel.png\" data-src=\"https:\/\/oasisbeach-xi.be\/wp-content\/uploads\/2018\/10\/20180511_150159.jpg\" alt=\"\" title=\"\" class=\"easingslider-image easingslider-lazy\" \/><\/div><div class=\"easingslider-slide\"><img src=\"https:\/\/oasisbeach-xi.be\/wp-content\/plugins\/easing-slider\/assets\/images\/placeholder-pixel.png\" data-src=\"https:\/\/oasisbeach-xi.be\/wp-content\/uploads\/2018\/10\/20180511_202209-e1540903052615.jpg\" alt=\"\" title=\"\" class=\"easingslider-image easingslider-lazy\" \/><\/div><div class=\"easingslider-slide\"><img src=\"https:\/\/oasisbeach-xi.be\/wp-content\/plugins\/easing-slider\/assets\/images\/placeholder-pixel.png\" data-src=\"https:\/\/oasisbeach-xi.be\/wp-content\/uploads\/2018\/10\/20180511_133728-Copy-e1540906192186.jpg\" alt=\"\" title=\"\" class=\"easingslider-image easingslider-lazy\" \/><\/div><div class=\"easingslider-slide\"><img src=\"https:\/\/oasisbeach-xi.be\/wp-content\/plugins\/easing-slider\/assets\/images\/placeholder-pixel.png\" data-src=\"https:\/\/oasisbeach-xi.be\/wp-content\/uploads\/2018\/10\/20180511_132411-Copy-e1540906332534.jpg\" alt=\"\" title=\"\" class=\"easingslider-image easingslider-lazy\" \/><\/div><div class=\"easingslider-slide\"><img src=\"https:\/\/oasisbeach-xi.be\/wp-content\/plugins\/easing-slider\/assets\/images\/placeholder-pixel.png\" data-src=\"https:\/\/oasisbeach-xi.be\/wp-content\/uploads\/2018\/10\/20180511_130850-e1540906449140.jpg\" alt=\"\" title=\"\" class=\"easingslider-image easingslider-lazy\" \/><\/div><div class=\"easingslider-slide\"><img src=\"https:\/\/oasisbeach-xi.be\/wp-content\/plugins\/easing-slider\/assets\/images\/placeholder-pixel.png\" data-src=\"https:\/\/oasisbeach-xi.be\/wp-content\/uploads\/2018\/10\/20180511_131109-e1540906390645.jpg\" alt=\"\" title=\"\" class=\"easingslider-image easingslider-lazy\" \/><\/div><\/div>\n<p>&nbsp;<\/p>\n<p>Pous vous y d\u00e9contracter pleinement et pour le respect de tous, veuillez suivre les consignes du bien vivre ensemble (r\u00e8glement disponible dans la cuisine dans le penthouse)<\/p>\n<p>A savoir :<\/p>\n<ul>\n<li>il est interdit de fumer dans le penthouse et dans les zones communes<\/li>\n<li>les animaux sont interdits<\/li>\n<\/ul>\n<p>&nbsp;<\/p>\n","protected":false},"excerpt":{"rendered":"<p>vous offre toutes les facilit\u00e9s suivantes: \u00c9quipement de gymnastique en plein air Jacuzzi chauff\u00e9 Sauna 2 piscines en plein air Plaine de jeux Mini Golf Parking souterrain s\u00e9curis\u00e9 &nbsp; Pous vous y d\u00e9contracter pleinement et pour le respect de tous, veuillez suivre les consignes du bien vivre ensemble (r\u00e8glement disponible dans la cuisine dans le &hellip; <\/p>\n<p class=\"link-more\"><a href=\"https:\/\/oasisbeach-xi.be\/index.php\/votre-complexe\/\" class=\"more-link\">Continuer la lecture<span class=\"screen-reader-text\"> de &laquo;&nbsp;La r\u00e9sidence Oasis Beach XI&nbsp;&raquo;<\/span><\/a><\/p>\n","protected":false},"author":1,"featured_media":694,"parent":0,"menu_order":0,"comment_status":"closed","ping_status":"closed","template":"","meta":[],"_links":{"self":[{"href":"https:\/\/oasisbeach-xi.be\/index.php\/wp-json\/wp\/v2\/pages\/79"}],"collection":[{"href":"https:\/\/oasisbeach-xi.be\/index.php\/wp-json\/wp\/v2\/pages"}],"about":[{"href":"https:\/\/oasisbeach-xi.be\/index.php\/wp-json\/wp\/v2\/types\/page"}],"author":[{"embeddable":true,"href":"https:\/\/oasisbeach-xi.be\/index.php\/wp-json\/wp\/v2\/users\/1"}],"replies":[{"embeddable":true,"href":"https:\/\/oasisbeach-xi.be\/index.php\/wp-json\/wp\/v2\/comments?post=79"}],"version-history":[{"count":11,"href":"https:\/\/oasisbeach-xi.be\/index.php\/wp-json\/wp\/v2\/pages\/79\/revisions"}],"predecessor-version":[{"id":701,"href":"https:\/\/oasisbeach-xi.be\/index.php\/wp-json\/wp\/v2\/pages\/79\/revisions\/701"}],"wp:featuredmedia":[{"embeddable":true,"href":"https:\/\/oasisbeach-xi.be\/index.php\/wp-json\/wp\/v2\/media\/694"}],"wp:attachment":[{"href":"https:\/\/oasisbeach-xi.be\/index.php\/wp-json\/wp\/v2\/media?parent=79"}],"curies":[{"name":"wp","href":"https:\/\/api.w.org\/{rel}","templated":true}]}}